12.
28
Let p(d) = -17*d - 3. Let f be p(-3). Let r = -1112 - -1160. What is the greatest common factor of r and f?
48
Suppose 111 = -4*d + 131. Suppose -d*j + 74 + 226 = 0. What is the greatest common factor of j and 100?
20
Let i be 2/2 - -41*55/5. Let w = -432 + i. Calculate the greatest common factor of 460 and w.
20
Suppose -3*n + 8*n + 10 = 0. Let d be (-32)/24*-17 - n/(-3). What is the greatest common divisor of d and 22?
22
Let j be 3156/(-8)*20/(-6). Suppose 15*l - j - 2675 = 0. Calculate the highest common divisor of 14 and l.
14
Let b = 67 + -54. Let s(h) = -h**3 + 10*h**2 + 26*h - 89. Let r be s(8). Calculate the highest common divisor of r and b.
13
Suppose -2*m + 17 = -b - 26, 0 = 4*m + 5*b - 107. Suppose 3*f - 136 = -j, -238 = -5*f + 2*j + 2*j. Calculate the highest common factor of m and f.
23
Let v(d) be the second derivative of d**4/6 - d**2/2 + 4*d - 16. Let y = -1 - -2. Let r be v(y). What is the greatest common divisor of 2 and r?
1
Let i be (-36)/(-16)*219912/153. Calculate the highest common factor of i and 66.
66
Let h be (0 - 7) + 67 + 9. Suppose -j + 6*j - 3*p = 106, 38 = j + 5*p. Calculate the greatest common divisor of h and j.
23
Let n be 6 - -7*52/91. Calculate the greatest common factor of n and 5030.
10
Suppose 0 = -3*t + m + 105 + 10, 2*t = -5*m + 88. What is the highest common divisor of t and 24?
3
Suppose 5*v = 5*l - 10, 2 = -4*l - v - 5. Let c be 20/(0 + 1) - (-1 - l). Let z = -23 + 38. What is the highest common factor of z and c?
5
Let w be (3932/(-11))/((-12)/66). Suppose 3*o = 9*h - 14*h + 1161, 5*o - 2*h = w. What is the greatest common factor of 28 and o?
28
Suppose -3 + 0 = -m + 11. Calculate the highest common factor of 18214 and m.
14
Suppose -180*j + 178*j + 286 = 0. Suppose j = 13*u - 3601. Calculate the highest common divisor of u and 36.
36
Let i = 88 - 80. Suppose 22*m - i = 212. What is the greatest common factor of m and 160?
10
Suppose -18 = -2*k - 48. Let g be 89/(-7) - 14/49. Let d = g - k. Calculate the greatest common factor of d and 2.
2
Let z(g) be the first derivative of -39*g**2/2 - 107*g + 37. Let k be z(-7). What is the highest common divisor of 2 and k?
2
Let o = 15 + 7. Suppose 54*w - 2851 = 713. What is the highest common divisor of w and o?
22
Suppose 0*j + 0*j + 11*j - 15334 = 0. What is the highest common factor of j and 170?
34
Let s = 330 + -300. Let f be (-5 - -33) + s/(-5). Calculate the highest common divisor of f and 275.
11
Let l be (36/21)/((-90)/(-315))*(-810)/(-2). Calculate the greatest common divisor of 15 and l.
15
Let p = -808 + 709. Suppose 2*w + 6 = -3*y + 4*y, 3*y = w - 7. Let n be (0 + w/15)*p. What is the highest common divisor of n and 33?
33
Suppose -5361 + 16871 = 3*b + 5*p, -3*b - 7*p + 11494 = 0. What is the greatest common divisor of 616 and b?
154
Suppose -99*j + 118479 = 17004. What is the greatest common divisor of 250 and j?
25
Let m(l) = 47*l - 43. Let p be m(7). Suppose 202 = 2*n + 3*r, n - 331*r - 94 = -336*r. Calculate the highest common divisor of n and p.
26
Suppose -26*p + 2666 = -66704 + 10740. What is the highest common divisor of 6560 and p?
205
Let b be ((-30)/7)/(((-20)/(-28))/(-5)). Suppose -5*p + 55 - 10 = -2*z, -5*p + b = z. Calculate the highest common divisor of 1 and p.
1
Let t = 427 + -418. Suppose t*z - 133 + 25 = 0. Calculate the greatest common factor of 4 and z.
4
Let i = 3064 + -3054. Calculate the greatest common divisor of i and 855.
5
Suppose 2*b = -2*m + 26790, -5*b - 3*m + 53599 + 13366 = 0. Calculate the greatest common divisor of b and 65.
65
Suppose -1019*a - 2562 = -1080*a. What is the greatest common factor of 234 and a?
6
Let c = -10492 + 10538. What is the highest common divisor of c and 5497?
23
Let a = 254 - 252. Suppose 2*u - 72 = -a*k + 5*k, 2*u - 4*k = 72. Calculate the highest common factor of u and 324.
36
Let x = -1984 + 2123. Calculate the greatest common factor of 2085 and x.
139
Suppose -3*y - 19 = -5*s, -6*y - 7 = 4*s - y. Suppose -s*x + 10*b + 114 = 7*b, 2*x - b = 114. What is the greatest common divisor of x and 3?
3
Suppose -13*u + 5463 = 54*u + 438. Calculate the highest common divisor of 2775 and u.
75
Suppose -64*o = -72*o + 256. Suppose -8*n - 1780 = -5108. Calculate the highest common factor of o and n.
32
Let n be 58/4*(-436)/(-3161). Let s be 0/((0 - 1)/(-1)). Suppose s = -j + 17 - 3. What is the highest common factor of n and j?
2
Let h(y) = -y**3 + 21*y**2 - 22*y - 60. Let w be h(13). Calculate the highest common factor of w and 2.
2
Let s = -18066 - -24432. Calculate the greatest common factor of 30 and s.
6
Let l(h) = -7*h - 42. Let a be l(-6). Let s be 391/2*(a - -2). What is the greatest common factor of s and 23?
23
Suppose -2*w + 5*s = w + 13, 0 = -w - 5*s + 9. Let b be 12/9 - w/(-3). What is the highest common divisor of b and 7?
1
Suppose 0 = 113*g - 19*g - 77550. What is the greatest common factor of 3 and g?
3
Suppose 0 = 3*a + 9*c - 8*c - 3070, 0 = 3*a + 4*c - 3055. Calculate the highest common divisor of 250 and a.
25
Let z be 20 + (-12 - -27 - 22). Let p(t) = 5*t**3 + 3*t**2 + 2*t + 1. Let g be p(3). Calculate the highest common divisor of z and g.
13
Let d be (0 + 0 + 2/2)*205496/3022. Calculate the greatest common factor of d and 38.
2
Let q(w) = w**3 - 68*w**2 + 53*w - 1944. Let f be q(68). Calculate the greatest common factor of 40 and f.
20
Let j = -4414 - -4453. What is the greatest common divisor of j and 403?
13
Let z(x) = 14*x. Let k be z(1). Let r be 12/44 - (-3230)/418. Calculate the highest common factor of r and k.
2
Suppose -m = 3*m - 24. Suppose -3*g + 3*q + 36 = 0, -2*g + g - m = 5*q. Let o(t) = 24*t - 117. Let u be o(9). Calculate the greatest common factor of u and g.
9
Let d = 9 + -76. Let a = d - -85. Suppose -5*j + 189 = -441. Calculate the greatest common divisor of a and j.
18
Suppose 2*v - 380 = 4*v. Let t = v - -285. Suppose -5*c - 2*a + 66 + 4 = 0, 0 = 5*c - 3*a - t. Calculate the greatest common factor of c and 2.
2
Let p be (-3 - -1)*-31*(-14)/(-4). Suppose 5*z - p = 8. What is the highest common divisor of z and 18?
9
Suppose -2*s + 53 - 49 = 0. Suppose 5*c = 5*h - 10, -8 = s*h - 3*h - 5*c. Let d = 14 - -10. What is the highest common divisor of h and d?
3
Let p(j) = -91*j - 709. Let a be p(-10). What is the highest common factor of 335 and a?
67
Let z be (-75621)/(-28)*(-8)/(-45) - (-8)/(-60). What is the highest common factor of 680 and z?
40
Suppose 378 = -8*x + 50*x. Suppose -2646 = -x*r - 9*r. Calculate the highest common divisor of 105 and r.
21
Let z(v) = 2264*v**2 - 1052*v - 1053. Let n be z(-1). Calculate the highest common divisor of 219 and n.
73
Let w(v) = 13*v + 963. Let d be w(-74). Let x be (-1)/(-3) + (-152)/(-12). Calculate the greatest common divisor of d and x.
1
Let z = 11 - 4. Let m be 245/15*(365/146 + (-2)/(-4)). What is the greatest common divisor of m and z?
7
Let m = -197 + 199. Suppose -2*y = m*z - 96, 3*y - 11 - 101 = 5*z. What is the greatest common divisor of 22 and y?
22
Suppose 7575 = -23*x + 28*x. Suppose x = 22*b - 377. Calculate the highest common factor of 215 and b.
43
Suppose 2*t = -4*t + 18. Suppose -t*u + 195 = d + d, -5*u - 65 = -d. Let z = -10 - -20. What is the greatest common factor of d and z?
10
Let q be (9 - -74) + -3 - (-7 - -9). What is the highest common divisor of q and 6474?
78
Let m be (1 + 11/(-7))/(32/(-112)). Suppose m*c - c = 24. Calculate the highest common divisor of c and 384.
24
Let x be 20/(-14)*(-186 - -45*(-38)/171). Calculate the highest common divisor of x and 360.
40
Let w = 143 + -134. Calculate the highest common factor of w and 48.
3
Let g = 229921 - 229893. Suppose 2*i + i = 72. Suppose -i = -4*u + u. What is the greatest common factor of g and u?
4
Let l be 9/6*6/9. Suppose n - 1 + l = 0. Let k(q) = -q**3 - q**2 + 7. Let z be k(n). What is the greatest common divisor of z and 1?
1
Let f(o) = -3*o - 2. Let a be f(-3). Let s be a/(((-13)/(-117))/(1/3)). Calculate the highest common factor of 252 and s.
21
Suppose 475*z = -164*z + 76*z + 12386. Suppose 4*t = l - 344, 2*l + 3*t + 1402 = 6*l. Calculate the highest common divisor of l and z.
22
Let n(p) = -111*p - 6081. Let s be n(-55). Calculate the highest common factor of s and 3488.
8
Suppose 0*m - 12 = -3*m, -2*a + 124 = -